 = -h**3 - 2*h**2 + h - 5. What is the remainder when o(-4) is divided by ((-4)/(-3))/(2/12)?
7
Let l = 262 + -144. Calculate the remainder when l is divided by 30.
28
Let w = -6 + 21. What is the remainder when 23 is divided by w?
8
Suppose -2*d - x = -145, -x - 345 = -4*d - d. Suppose 58*a = 53*a + 120. What is the remainder when d is divided by a?
22
Calculate the remainder when -3 - 1*(-3 - 0) - -97 is divided by 33.
31
Suppose -5*i + 13 = 2*p, 2*i = -2*p - 0*i + 16. Let x be 5 + 5 + 6/(-2). Let u(s) = 3*s - 5. Calculate the remainder when u(x) is divided by p.
7
Let t(g) = g + 5. Suppose -2*x + 7 = -9. Calculate the remainder when 49 is divided by t(x).
10
Let r(m) = 2*m**3 - 5*m**2 + 2*m + 4. Let t be r(3). Suppose s + 11 = t. What is the remainder when 39 is divided by s?
7
Let k = 26 + -21. Suppose k*h - 12 = 3*h. Calculate the remainder when 11 is divided by h.
5
Suppose -23 - 27 = 5*d. Let n = d + 8. What is the remainder when ((-38)/4)/(n/8) is divided by 13?
12
Suppose 4*i = -i - 5. Let o be i/((-25)/(-12) + -2). Let b = o + 23. Calculate the remainder when b is divided by 4.
3
Suppose 2*z = 5 + 3. Suppose z*i - 89 = 3*x - 454, -x - 3*i + 126 = 0. Suppose 0 = -4*m - 23 + x. What is the remainder when m is divided by 9?
7
Let t(j) = -j**3 + 6*j**2 - 8*j - 4. Let m be t(6). Calculate the remainder when 5 - m - (-1 - -1) is divided by 20.
17
Let x(p) = -p**3 - 6*p**2 - 3*p - 10. What is the remainder when 29 is divided by x(-6)?
5
Suppose 0 = -2*y - 3*y + 305. Suppose 4*h + y = 3*o, -3*o + 83 = o - 5*h. What is the remainder when o is divided by 14?
13
Let h = 18 + 59. Calculate the remainder when h is divided by 40.
37
Let n(b) = -6*b**3 - 3*b**2 - b + 1. Calculate the remainder when 8 is divided by n(-1).
3
Suppose b = 4*d + 25, 2*d = -3*b + 7*b - 114. Calculate the remainder when b is divided by (-2)/(-3)*(-24)/(-2).
5
Let g be 5*((-3)/15 - 1). Let o = -3 - g. What is the remainder when o is divided by 1?
0
Let b = -7 + 10. Calculate the remainder when 15 is divided by b.
0
Suppose 0 = -s - v + 30 + 26, -116 = -2*s - 3*v. Let i = s - -10. What is the remainder when i is divided by 21?
20
Let h = 45 - -10. Suppose f - 3*f - 3*r = -27, 0 = -2*f + 4*r + 34. Suppose -3*k + 4 + f = m, m - 4*k = 19. What is the remainder when h is divided by m?
17
Suppose 3*y - 83 = -5*d, -2*d - 2*y + 58 = -7*y. Let r = d + -9. Let g = -29 - -48. What is the remainder when g is divided by r?
9
Suppose i = -i + 202. Suppose -226 = 5*q + g, 0 = -2*q + g + g - 100. Let k = q + i. What is the remainder when k is divided by 19?
17
What is the remainder when 70 is divided by (3 + 1 - 8) + 29?
20
Suppose 3*m - 56 - 10 = 0. Calculate the remainder when 42 is divided by m.
20
Let t(l) be the second derivative of l**4/12 + l**2/2 - 5*l. Calculate the remainder when 13 is divided by t(2).
3
Suppose k = -4*k - 10. What is the remainder when (38/(-6))/(k/6) is divided by 5?
4
Suppose -6*q + 4*q - 32 = 0. Let y = -5 - -8. Calculate the remainder when (2 + 1)*q/(-6) is divided by y.
2
Let x = 22 - 16. What is the remainder when 11 is divided by x?
5
Let k(i) = -9*i - 1. Let a be (1/2)/(2/16). Let s(n) = -n**3 + 3*n**2 + 4*n - 1. Let z be s(a). Calculate the remainder when 23 is divided by k(z).
7
Suppose -7*x = -2*x - 3*s + 87, x + 4*s - 1 = 0. Let o = x - -50. What is the remainder when o is divided by 9?
8
Suppose k + 0*k - 2*t = 22, 2*k - 44 = -4*t. What is the remainder when 63 is divided by k?
19
Calculate the remainder when 0 - (-2 - 5) - (-4)/(-2) is divided by 3.
2
Let v(n) = -n**2 + n - 1. Let t be v(0). Calculate the remainder when 37 is divided by (t + -1)/((-18)/117).
11
Suppose 0 = -8*o + 5*o + 15. Suppose 16 + 12 = 2*x. Calculate the remainder when x is divided by o.
4
Suppose 0*w - 4 = -2*w. Suppose 0*d = -w*d + 100. Calculate the remainder when d is divided by 13.
11
Calculate the remainder when (-378)/12*(-2 + 0) is divided by 16.
15
Let w(g) = -g**3 - 2*g**2 + g - 3. Let j be w(-3). What is the remainder when 28 is divided by 183/12 + j/(-12)?
13
Suppose -5*p + 29 = 4. Suppose p*g - 222 = 2*g. Calculate the remainder when g is divided by 19.
17
Let k = 36 + -28. What is the remainder when 15 is divided by k?
7
Suppose -4*p = -4*k - 104, -5*p + 4*k = -0*p - 129. What is the remainder when 123 is divided by p?
23
Let l = 7 + -5. Let z = 10 - l. Let y = 75 + -52. What is the remainder when y is divided by z?
7
Let p(b) = -b**3 - 3*b**2 - 4*b. Calculate the remainder when 57 is divided by p(-3).
9
Suppose -3*s = 3*m - 39, 2*s + 2*s = 3*m + 24. Calculate the remainder when 107 is divided by s.
8
Suppose -4*p - 4*f - 104 = -8*p, f = 3*p - 72. What is the remainder when 110 is divided by p?
18
Suppose -4*q - 23 - 4 = -v, -3*v + 4*q = -57. Let t(x) = -6*x - 63. What is the remainder when t(-15) is divided by v?
12
Let s be ((-3)/2)/((-9)/48). Let a be (-14)/(-4)*s/14. Suppose 2*w = 2*k - 23 - 13, 4*w + 34 = a*k. What is the remainder when 37 is divided by k?
18
Let j(d) = d - 3. Let h be j(8). Suppose 3*p - 2*q = 185, -3*p + h*p + 4*q - 150 = 0. Calculate the remainder when p is divided by 17.
14
Let v(p) = -6*p**2 - 6*p + p**3 + 0*p**3 + 8 + p. Let n = 29 + -21. What is the remainder when v(7) is divided by n?
6
Let c = 68 + -36. Calculate the remainder when c is divided by 9.
5
Let i = 177 + -98. Calculate the remainder when i is divided by 20.
19
Let t = 0 - -8. Calculate the remainder when 38 is divided by t.
6
Let t(y) = -8*y - 4. Let f be t(-3). Let r be (24/f)/((-1)/(-25)). Let j = r + -21. What is the remainder when 33 is divided by j?
6
Suppose 3*j - 2*j - 54 = 0. Let l = j - 34. What is the remainder when -1 + (-6)/(-2) - -37 is divided by l?
19
What is the remainder when (1 + 35/(-25))/(3/(-165)) is divided by ((-16)/6)/(2/(-6))?
6
Let z(s) = s**3 - 7*s**2 + 18*s - 7. Calculate the remainder when 129 is divided by z(5).
30
Let s(n) = -10*n**3 + 2*n**2 + 2*n + 3. Let b be s(-2). Suppose -2*k + b = 21. Let a = k + -19. Calculate the remainder when 40 is divided by a.
12
Let w be (-2)/(-4)*24/3. Suppose 0 = -5*u - h + 3 + 4, -5*u = -w*h - 22. Suppose 0*k - u*k = -98. What is the remainder when k is divided by 25?
24
Suppose 2 + 2 = 4*y. Let p(o) = o**2. Let s be p(y). What is the remainder when s + 29/(-1 - -2) is divided by 16?
14
Suppose 4*h - 22 = h + 2*p, 0 = 4*p + 20. What is the remainder when 11 is divided by h?
3
Suppose -3*o + 170 = -p, -o - 4*p + 145 = 2*o. Suppose -o + 1 = -3*l. What is the remainder when (-2)/(-4) + (-206)/(-4) is divided by l?
16
Let b(f) = -3*f**3 + f**2 + 1 - 2 + 3 + f - 3*f**2. Calculate the remainder when b(-1) is divided by 2.
0
Suppose 1 = -2*z + 25. Calculate the remainder when z is divided by 5.
2
Let q be ((-22)/8)/((-1)/(-8)). Let m be 57/3*(1 - -2). Let p = q + m. Calculate the remainder when p is divided by 12.
11
What is the remainder when 53 is divided by 14*4/3 - (-4)/12?
15
Suppose -9*o - 5*o = -196. What is the remainder when 80/6*(2 + 1) is divided by o?
12
Suppose 54 = 5*w - 4*i, 3*w + 2*i - 34 = 4*i. What is the remainder when 27 is divided by w?
13
Let d = -39 - -50. Calculate the remainder when 30 is divided by d.
8
Suppose 2*l - 3*g + 6 = 0, -l + 4*g - 7 = 2*l. Suppose 0 = 4*h + 12, -5*h + 3*h - 72 = -2*z. What is the remainder when z is divided by (-63)/(-6) - l/2?
6
Suppose 5*x - t - t = 148, -3*t + 128 = 5*x. Suppose -2*u + x = -34. Let r(g) = -2*g**3 + g**2 + 3*g + 2. Calculate the remainder when u is divided by r(-2).
15
Let d = -3 - 7. Let v(k) = -2*k + 4. What is the remainder when 45 is divided by v(d)?
21
Let g(y) = -3*y - 13. Suppose 11 = 5*n - 24. Suppose -3*k + n*k = -40. Calculate the remainder when 49 is divided by g(k).
15
Let p be 1/(1/1*1). Let l be 2/1*1/p. Suppose -l*v + 85 = 3*v. What is the remainder when 32 is divided by v?
15
Let m(o) = o + 4*o + 1 - 3*o - 3*o. Suppose -16 = -4*s - 5*r - 36, 3*s - 4*r + 46 = 0. Calculate the remainder when 31 is divided by m(s).
9
Suppose 5*m = -3*a - 0*a - 66, 0 = -4*m - 5*a - 58. Let r = -3 - m. What is the remainder when 16 is divided by r?
7
Let w(n) = n**2 - 7*n + 13. Let q = 21 + -10. What is the remainder when w(9) is divided by q?
9
Let w(n) = n**3 - 3*n**2 - 10*n + 9. What is the remainder when 41 is divided by w(5)?
5
Suppose 5 